{"id":717,"date":"2014-06-12T19:57:21","date_gmt":"2014-06-12T17:57:21","guid":{"rendered":"http:\/\/hjartdalhistorielag.no\/?page_id=717"},"modified":"2014-06-12T20:00:52","modified_gmt":"2014-06-12T18:00:52","slug":"fond","status":"publish","type":"page","link":"https:\/\/hjartdalhistorielag.no\/?page_id=717","title":{"rendered":"Fond til kulturminnevern"},"content":{"rendered":"<p>Historielaget har fr\u00e5 2014 oppretta\u00a0eit fond for kulturminnevern i kommunen. Fondet er p\u00e5 25000 kr. og er tenkt bruka som ei handsrekking til personar i kommunen som jobbar for \u00e5 bevare ulike former for kulturminne.<\/p>\n<p>Vedtekter for fondet.<\/p>\n<ol>\n<li>Form\u00e5let med fondet er \u00e5 gje \u00f8konomisk st\u00f8nad til vern av ulike former for kulturminner i Hjartdal kommune. Ogs\u00e5 informasjon og spreiing av kunnskap om kulturminner kan f\u00e5 tildeling fr\u00e5 fondet.<\/li>\n<li>Styret i historielaget er ogs\u00e5 styre for fondet.<\/li>\n<li>Startkapitalen for fondet settast til 25000,-kr. Endring av denne summen m\u00e5 godkjennast av \u00e5rsm\u00f8tet. Jvnf. Pkt. 5<\/li>\n<li>Tildeling fr\u00e5 fondet blir normalt gjeve ein gong i \u00e5ret, etter skriftelig s\u00f8knad innan 1.april. Opplysning om s\u00f8knad og s\u00f8knadsfrist blir gjort kjent i lokalavisa. Styret kan likevel bestemme \u00e5 ikkje dele ut fondsmidlar eitt eller fleire \u00e5r, dersom ein finn at ingen s\u00f8knad fyller krava til st\u00f8nad.<\/li>\n<li>Endring av vedtektene m\u00e5 godkjennast av \u00e5rsm\u00f8tet.<\/li>\n<\/ol>\n<p>&nbsp;<\/p>\n","protected":false},"excerpt":{"rendered":"<p>Historielaget har fr\u00e5 2014 oppretta\u00a0eit fond for kulturminnevern i kommunen. Fondet er p\u00e5 25000 kr. og er tenkt bruka som ei handsrekking til personar i kommunen som jobbar for \u00e5 bevare ulike former for kulturminne. Vedtekter for fondet. Form\u00e5let med fondet er \u00e5 gje \u00f8konomisk st\u00f8nad til vern av ulike former for kulturminner i Hjartdal &hellip; <a href=\"https:\/\/hjartdalhistorielag.no\/?page_id=717\" class=\"more-link\">Fortsett \u00e5 lese <span class=\"screen-reader-text\">Fond til kulturminnevern<\/span> <span class=\"meta-nav\">&rarr;<\/span><\/a><\/p>\n","protected":false},"author":1,"featured_media":0,"parent":708,"menu_order":0,"comment_status":"closed","ping_status":"open","template":"","meta":{"footnotes":""},"class_list":["post-717","page","type-page","status-publish","hentry"],"_links":{"self":[{"href":"https:\/\/hjartdalhistorielag.no\/index.php?rest_route=\/wp\/v2\/pages\/717","targetHints":{"allow":["GET"]}}],"collection":[{"href":"https:\/\/hjartdalhistorielag.no\/index.php?rest_route=\/wp\/v2\/pages"}],"about":[{"href":"https:\/\/hjartdalhistorielag.no\/index.php?rest_route=\/wp\/v2\/types\/page"}],"author":[{"embeddable":true,"href":"https:\/\/hjartdalhistorielag.no\/index.php?rest_route=\/wp\/v2\/users\/1"}],"replies":[{"embeddable":true,"href":"https:\/\/hjartdalhistorielag.no\/index.php?rest_route=%2Fwp%2Fv2%2Fcomments&post=717"}],"version-history":[{"count":2,"href":"https:\/\/hjartdalhistorielag.no\/index.php?rest_route=\/wp\/v2\/pages\/717\/revisions"}],"predecessor-version":[{"id":720,"href":"https:\/\/hjartdalhistorielag.no\/index.php?rest_route=\/wp\/v2\/pages\/717\/revisions\/720"}],"up":[{"embeddable":true,"href":"https:\/\/hjartdalhistorielag.no\/index.php?rest_route=\/wp\/v2\/pages\/708"}],"wp:attachment":[{"href":"https:\/\/hjartdalhistorielag.no\/index.php?rest_route=%2Fwp%2Fv2%2Fmedia&parent=717"}],"curies":[{"name":"wp","href":"https:\/\/api.w.org\/{rel}","templated":true}]}}