{"id":338,"date":"2014-02-04T10:31:20","date_gmt":"2014-02-04T09:31:20","guid":{"rendered":"http:\/\/hjartdalhistorielag.no\/wp\/?page_id=338"},"modified":"2014-02-12T23:14:33","modified_gmt":"2014-02-12T22:14:33","slug":"logo","status":"publish","type":"page","link":"https:\/\/hjartdalhistorielag.no\/?page_id=338","title":{"rendered":"Logo"},"content":{"rendered":"<p><span style=\"color: #000000;\"><a href=\"https:\/\/hjartdalhistorielag.no\/wp\/wp-content\/uploads\/2014\/02\/HHLLOGOX_.jpg\"><img loading=\"lazy\" decoding=\"async\" class=\" wp-image-330 alignleft\" alt=\"HHLLOGOX_\" src=\"https:\/\/hjartdalhistorielag.no\/wp\/wp-content\/uploads\/2014\/02\/HHLLOGOX_-142x300.jpg\" width=\"85\" height=\"180\" srcset=\"https:\/\/hjartdalhistorielag.no\/wp\/wp-content\/uploads\/2014\/02\/HHLLOGOX_-142x300.jpg 142w, https:\/\/hjartdalhistorielag.no\/wp\/wp-content\/uploads\/2014\/02\/HHLLOGOX_.jpg 160w\" sizes=\"auto, (max-width: 85px) 100vw, 85px\" \/><\/a>Logoen til HHL er ei forenkla teikning av ein stavkyrkjeportal. Alle bygdene i Hjartdal har hatt stavkyrkjer.<br \/>\nSauland stavkyrkje blei reven i 1860, men portalen blei berga, og st\u00e5r n\u00e5 utstilt p\u00e5 Historisk museum i Oslo. Det var denne som avgjorde takh\u00f8gda da utstillingshallen blei bygd.<br \/>\n<\/span><\/p>\n<p>&nbsp;<\/p>\n<p>&nbsp;<\/p>\n<p>&nbsp;<\/p>\n<p><a style=\"font-family: 'Helvetica Neue', Helvetica, Arial, sans-serif; font-size: 13px; font-style: normal; color: #3a3a3a;\" href=\"https:\/\/hjartdalhistorielag.no\/wp\/wp-content\/uploads\/2014\/02\/logo-P1000802b.jpg\"><img loading=\"lazy\" decoding=\"async\" class=\"size-medium wp-image-331 alignleft\" alt=\"logo-P1000802b\" src=\"https:\/\/hjartdalhistorielag.no\/wp\/wp-content\/uploads\/2014\/02\/logo-P1000802b-300x48.jpg\" width=\"300\" height=\"48\" srcset=\"https:\/\/hjartdalhistorielag.no\/wp\/wp-content\/uploads\/2014\/02\/logo-P1000802b-300x48.jpg 300w, https:\/\/hjartdalhistorielag.no\/wp\/wp-content\/uploads\/2014\/02\/logo-P1000802b-1024x165.jpg 1024w\" sizes=\"auto, (max-width: 300px) 100vw, 300px\" \/><\/a><\/p>\n<p>Treskiltet er laga av Jon Bondal (Bondal Snikkarverkstad) til bruk ved stands p\u00e5 bygdedagar mv.<\/p>\n","protected":false},"excerpt":{"rendered":"<p>Logoen til HHL er ei forenkla teikning av ein stavkyrkjeportal. Alle bygdene i Hjartdal har hatt stavkyrkjer. Sauland stavkyrkje blei reven i 1860, men portalen blei berga, og st\u00e5r n\u00e5 utstilt p\u00e5 Historisk museum i Oslo. Det var denne som avgjorde takh\u00f8gda da utstillingshallen blei bygd. &nbsp; &nbsp; &nbsp; Treskiltet er laga av Jon Bondal &hellip; <a href=\"https:\/\/hjartdalhistorielag.no\/?page_id=338\" class=\"more-link\">Fortsett \u00e5 lese <span class=\"screen-reader-text\">Logo<\/span> <span class=\"meta-nav\">&rarr;<\/span><\/a><\/p>\n","protected":false},"author":1,"featured_media":0,"parent":0,"menu_order":0,"comment_status":"closed","ping_status":"closed","template":"","meta":{"footnotes":""},"class_list":["post-338","page","type-page","status-publish","hentry"],"_links":{"self":[{"href":"https:\/\/hjartdalhistorielag.no\/index.php?rest_route=\/wp\/v2\/pages\/338","targetHints":{"allow":["GET"]}}],"collection":[{"href":"https:\/\/hjartdalhistorielag.no\/index.php?rest_route=\/wp\/v2\/pages"}],"about":[{"href":"https:\/\/hjartdalhistorielag.no\/index.php?rest_route=\/wp\/v2\/types\/page"}],"author":[{"embeddable":true,"href":"https:\/\/hjartdalhistorielag.no\/index.php?rest_route=\/wp\/v2\/users\/1"}],"replies":[{"embeddable":true,"href":"https:\/\/hjartdalhistorielag.no\/index.php?rest_route=%2Fwp%2Fv2%2Fcomments&post=338"}],"version-history":[{"count":5,"href":"https:\/\/hjartdalhistorielag.no\/index.php?rest_route=\/wp\/v2\/pages\/338\/revisions"}],"predecessor-version":[{"id":372,"href":"https:\/\/hjartdalhistorielag.no\/index.php?rest_route=\/wp\/v2\/pages\/338\/revisions\/372"}],"wp:attachment":[{"href":"https:\/\/hjartdalhistorielag.no\/index.php?rest_route=%2Fwp%2Fv2%2Fmedia&parent=338"}],"curies":[{"name":"wp","href":"https:\/\/api.w.org\/{rel}","templated":true}]}}