{"id":2,"date":"2013-07-10T17:45:50","date_gmt":"2013-07-10T15:45:50","guid":{"rendered":"http:\/\/hjartdalhistorielag.no\/wp\/?page_id=2"},"modified":"2026-01-21T15:03:27","modified_gmt":"2026-01-21T14:03:27","slug":"sample-page","status":"publish","type":"page","link":"https:\/\/hjartdalhistorielag.no\/","title":{"rendered":"Velkommen til Hjartdal historielag!"},"content":{"rendered":"<p>F\u00f8lg laget p\u00e5<a href=\"https:\/\/www.facebook.com\/hjartdalhistorielag\">\u00a0facebook.com\/hjartdalhistorielag\u00a0\u00a0\u00a0<\/a><\/p>\n<p>___________________________________________<\/p>\n<p><a href=\"https:\/\/hjartdalhistorielag.no\/?page_id=714\">Boksamling og arkivoversikt<\/a> (F\u00f8rebels presentasjon &#8211; februar 2024)<br \/>\n___________________________________________<\/p>\n<h5><a href=\"https:\/\/hjartdalhistorielag.no\/?page_id=264\">Vedtekter\u00a0 2020<\/a><\/h5>\n<p>___________________________________________<br \/>\nHjartdal historielag blei oppretta 1989 og arbeider med historie sett fr\u00e5 bygdene Hjartdal, Sauland og Tuddal i \u00d8vre Telemark. Dette er tradisjonelle telemarksbygder som ogs\u00e5 kan representere telemarkskultur og norsk innlands bygdekultur i det heile.<\/p>\n<p>Fortida til bygdene har til langt inn i forrige hundre\u00e5r vore dominert av gardsbruk og skog. Utmarksn\u00e6ring med stulsdrift som eit s\u00e6rs viktig element har vore viktig. I dag er det framleis aktiv stulsdrift i kommunen, men turisme og rekreasjon utgjer nok meir utmarka si rolle i dag.<\/p>\n<p>Litt industri har her vore fr\u00e5 1890-\u00e5ra og framover, og s\u00e6rleg Sauland har vore eit senter for handel og administrasjon i tida f\u00f8r byar i n\u00e6rleiken overtok mykje av slike funksjonar.<\/p>\n<p>Bygdene har mange spor fr\u00e5 jarnalderen, og bygdefolket har nok merka og deltatt i krigar og andre hendingar fr\u00e5 birkebeinartid til andre verdskrigen og v\u00e5r eiga tid.<\/p>\n<p>Bygdenes rolle i den tidlege utvandringa til Amerika gjev plass i noregshistoria. Dei fleste norske bygder har si dramatiske utvandringshistorie, men bygdene i \u00d8vre Telemark og Numedal merker seg ut med \u00e5 vere ute lenge f\u00f8r dei andre, med unntak av nokre Rogalandsbygder der utvandringa var p\u00e5 eit litt anna grunnlag. Utvandringshistoria fr\u00e5 slutten av 1830-talet har vi med rette gitt stor plass i lokalhistoria v\u00e5r.\u00a0Det var markeringa av eit utvandrarjubileum i 1989 som gjorde ideen om eit historielag til noko konkret.<\/p>\n<p>Elles vil ein sj\u00e5 at HHL t\u00f8yer historiebegrepet noks\u00e5 langt. Slik vil det ofte vere naturleg i lokalhistorisk arbeid. Folkeminnestoff, kulturminnevern, slektshistorie mv. h\u00f8rer naturleg med innanfor laget.<\/p>\n<p>Ein kan gjerne bruke stoff fr\u00e5 desse sidene til ikkje-kommersielle form\u00e5l, men oppgi kilde, og gjer oss merksame p\u00e5 bruken &#8211; eller helst &#8211; sp\u00f8r f\u00f8rst.<\/p>\n<p>Denne oppdateringa av sidene er fr\u00e5 3.11.2023.<\/p>\n<p style=\"text-align: center;\"><a href=\"https:\/\/hjartdalhistorielag.no\/wp\/wp-content\/uploads\/2014\/02\/logo-P1000802b.jpg\"><img loading=\"lazy\" decoding=\"async\" class=\"aligncenter\" src=\"https:\/\/hjartdalhistorielag.no\/wp\/wp-content\/uploads\/2014\/02\/logo-P1000802b-300x48.jpg\" alt=\"logo-P1000802b\" width=\"300\" height=\"48\" \/><\/a><\/p>\n","protected":false},"excerpt":{"rendered":"<p>F\u00f8lg laget p\u00e5\u00a0facebook.com\/hjartdalhistorielag\u00a0\u00a0\u00a0 ___________________________________________ Boksamling og arkivoversikt (F\u00f8rebels presentasjon &#8211; februar 2024) ___________________________________________ Vedtekter\u00a0 2020 ___________________________________________ Hjartdal historielag blei oppretta 1989 og arbeider med historie sett fr\u00e5 bygdene Hjartdal, Sauland og Tuddal i \u00d8vre Telemark. Dette er tradisjonelle telemarksbygder som ogs\u00e5 kan representere telemarkskultur og norsk innlands bygdekultur i det heile. Fortida til bygdene har &hellip; <a href=\"https:\/\/hjartdalhistorielag.no\/\" class=\"more-link\">Fortsett \u00e5 lese <span class=\"screen-reader-text\">Velkommen til Hjartdal historielag!<\/span> <span class=\"meta-nav\">&rarr;<\/span><\/a><\/p>\n","protected":false},"author":1,"featured_media":0,"parent":0,"menu_order":1,"comment_status":"closed","ping_status":"closed","template":"","meta":{"footnotes":""},"class_list":["post-2","page","type-page","status-publish","hentry"],"_links":{"self":[{"href":"https:\/\/hjartdalhistorielag.no\/index.php?rest_route=\/wp\/v2\/pages\/2","targetHints":{"allow":["GET"]}}],"collection":[{"href":"https:\/\/hjartdalhistorielag.no\/index.php?rest_route=\/wp\/v2\/pages"}],"about":[{"href":"https:\/\/hjartdalhistorielag.no\/index.php?rest_route=\/wp\/v2\/types\/page"}],"author":[{"embeddable":true,"href":"https:\/\/hjartdalhistorielag.no\/index.php?rest_route=\/wp\/v2\/users\/1"}],"replies":[{"embeddable":true,"href":"https:\/\/hjartdalhistorielag.no\/index.php?rest_route=%2Fwp%2Fv2%2Fcomments&post=2"}],"version-history":[{"count":94,"href":"https:\/\/hjartdalhistorielag.no\/index.php?rest_route=\/wp\/v2\/pages\/2\/revisions"}],"predecessor-version":[{"id":1437,"href":"https:\/\/hjartdalhistorielag.no\/index.php?rest_route=\/wp\/v2\/pages\/2\/revisions\/1437"}],"wp:attachment":[{"href":"https:\/\/hjartdalhistorielag.no\/index.php?rest_route=%2Fwp%2Fv2%2Fmedia&parent=2"}],"curies":[{"name":"wp","href":"https:\/\/api.w.org\/{rel}","templated":true}]}}